{"id":260,"date":"2018-01-21T17:48:10","date_gmt":"2018-01-21T16:48:10","guid":{"rendered":"http:\/\/quergesang.de\/wordpress\/?page_id=260"},"modified":"2018-04-10T20:56:37","modified_gmt":"2018-04-10T18:56:37","slug":"programm-kulturetage","status":"publish","type":"page","link":"http:\/\/quergesang.de\/wordpress\/auftritte-2017\/programm-kulturetage\/","title":{"rendered":"Programm Kulturetage"},"content":{"rendered":"<p>Wegschauen? Ducken? Schweigen? Oder gar mithetzen? Das sind keine L\u00f6sungen f\u00fcr diese schwierigen Zeiten des Umbruchs. Denn das politische Feld darf nicht denjenigen \u00fcberlassen werden, f\u00fcr die Begriffe wie Solidarit\u00e4t, offene Gesellschaft und Gemeinwohl Fremdworte sind. Der <span style=\"color: #ff0000;\"><strong>QUERGESANG<\/strong> <\/span>legt den Finger in aktuelle Wunden und gibt musikalisch-unterhaltsame Denkanst\u00f6\u00dfe, schaut mit seinen internationalen Liedern in franz\u00f6sischer, italienischer, jiddischer, bosnischer, russischer und griechischer Sprache \u00fcber den eng-nationalen Tellerrand. Freuen Sie sich auf einen anregenden Abend mit engagierten Liedern u.a. von Bertolt Brecht, Hanns Eisler, Kurt Tucholsky und Jura Soyfer.<\/p>\n<figure id=\"attachment_288\" aria-describedby=\"caption-attachment-288\" style=\"width: 382px\" class=\"wp-caption alignright\"><img loading=\"lazy\" decoding=\"async\" class=\"wp-image-288 \" src=\"http:\/\/quergesang.de\/wordpress\/wp-content\/uploads\/2018\/01\/GesamtbildInstrumente2-1024x691.jpg\" alt=\"\" width=\"382\" height=\"258\" srcset=\"http:\/\/quergesang.de\/wp-content\/uploads\/2018\/01\/GesamtbildInstrumente2-1024x691.jpg 1024w, http:\/\/quergesang.de\/wp-content\/uploads\/2018\/01\/GesamtbildInstrumente2-300x203.jpg 300w, http:\/\/quergesang.de\/wp-content\/uploads\/2018\/01\/GesamtbildInstrumente2-768x518.jpg 768w, http:\/\/quergesang.de\/wp-content\/uploads\/2018\/01\/GesamtbildInstrumente2-1200x810.jpg 1200w\" sizes=\"auto, (max-width: 382px) 85vw, 382px\" \/><figcaption id=\"caption-attachment-288\" class=\"wp-caption-text\">Foto: Karina Schober<\/figcaption><\/figure>\n<p><strong>Programm<br \/>\n<\/strong><\/p>\n<p>Bile\u010danka (Bosnisches Partisanenlied um 1940)<br \/>\nText und Musik: anonymus<\/p>\n<p>Der Graben<br \/>\nText: Kurt Tucholsky (1926) \/ Musik: Hanns Eisler (1956) Chorsatz: Ferdinand Silhanek<\/p>\n<p>Reformiertes deutsches Kirchenlied<br \/>\nText: Jura Soyfer (1936) \/ Musik: Ferdinand Silhanek (2009)<\/p>\n<p>Dachau-Lied (1938)<br \/>\nText: Jura Soyfer \/ Musik: Herbert Zipper<\/p>\n<p>Chant de Breendonk (Belgisches Partisanenlied 1942)<br \/>\nText und Musik: anonymus \/ Chorsatz: Stephan Schindlbeck<\/p>\n<p>Oj tumanij (Russisches Partisanenlied 1943)<br \/>\nText: Michael W. Isakowskij \/ Musik: Wladimir G. Zacharow, Chorsatz: Stephan Schindlbeck<\/p>\n<p>Moderne Legende<br \/>\nText: Bertolt Brecht (1914) \/ Musik: Ferdinand Silhanek (2012)<\/p>\n<p>Schtill, die Nacht (1944)<br \/>\nText und Musik: Hirsch Glik<\/p>\n<p>Lied von der Erde<br \/>\nText: Jura Soyfer (1936) \/ Musik: Ferdinand Silhanek (2008)<\/p>\n<p>Chant de la lib\u00e9ration (Franz\u00f6sisches Partisanenlied um 1940)<br \/>\nText: Maurice Druon \/ Musik: Anna Marly, Chorsatz: Stephan Schindlbeck<\/p>\n<p>Die Haifisch-Hymne<br \/>\nText: Bertolt Brecht (1928) \/ Musik: Joseph Haydn (1797), Chorsatz: Ferdinand Silhanek<\/p>\n<p>&#8217;s brent (1938)<br \/>\nText \/ Musik: Mordechaj Gebirtig (1877-1942)<\/p>\n<p>Sturmzeit<br \/>\nText: Jura Soyfer (1936) \/ Musik: Ferdinand Silhanek (2008)<\/p>\n<p>Gegen den Krieg \/ Thema+Variation 1, 3, 4, 5<br \/>\nText: Bertolt Brecht \/ Musik: Hanns Eisler (1936)<\/p>\n<p>Der Name der Mutter<br \/>\nText: Bertolt Brecht (1917) \/ Musik: Ferdinand Silhanek (2012)<\/p>\n<p>Fl\u00fcchtlingssonett<br \/>\nText: Ludwig Pfau \/ Musik: Arnold Sch\u00f6nberg \/ Bearbeitung: H. Fladt<\/p>\n<p>Andre, die das Land so sehr nicht liebten<br \/>\nText: Theodor Kramer (1938) \/ Musik: Erich Schmeckenbecher<\/p>\n<p>Was ist der Mensch (ohne einen Pa\u00df)<br \/>\nText: Bertolt Brecht \/ Musik: Anne T\u00fcbinger<\/p>\n<p>Lu trenu da disperazioni<br \/>\nTraditionell Sizilien \/ Arr. Xavier Rebut<\/p>\n<p>S\u2019afti ti jitonia (2008)<br \/>\nText: Manos Elefteriou \/ Musik: Mikis Theodorakis<\/p>\n<p>Ballade vom Baum und den \u00c4sten (1933)<br \/>\nText: Bertolt Brecht \/ Musik: Hanns Eisler<\/p>\n<p>An die Nachgeborenen II<br \/>\nText: Bertolt Brecht \/ Musik: Hanns Eisler \/ Chorsatz: Ferdinand Silhanek<\/p>\n<p>Warte, warte nur ein Weilchen (1979; aus \u201eHerbstreise\u201c)<br \/>\nText und Musik: Die Schmetterlinge \/ Chorsatz: Stephan Schindlbeck<\/p>\n<p>&nbsp;<\/p>\n<p>&nbsp;<\/p>\n","protected":false},"excerpt":{"rendered":"<p>Wegschauen? Ducken? Schweigen? Oder gar mithetzen? Das sind keine L\u00f6sungen f\u00fcr diese schwierigen Zeiten des Umbruchs. Denn das politische Feld darf nicht denjenigen \u00fcberlassen werden, f\u00fcr die Begriffe wie Solidarit\u00e4t, offene Gesellschaft und Gemeinwohl Fremdworte sind. Der QUERGESANG legt den Finger in aktuelle Wunden und gibt musikalisch-unterhaltsame Denkanst\u00f6\u00dfe, schaut mit seinen internationalen Liedern in franz\u00f6sischer, &hellip; <a href=\"http:\/\/quergesang.de\/wordpress\/auftritte-2017\/programm-kulturetage\/\" class=\"more-link\"><span class=\"screen-reader-text\">\u201eProgramm Kulturetage\u201c <\/span>weiterlesen<\/a><\/p>\n","protected":false},"author":2,"featured_media":0,"parent":292,"menu_order":0,"comment_status":"closed","ping_status":"closed","template":"","meta":{"footnotes":""},"class_list":["post-260","page","type-page","status-publish","hentry"],"_links":{"self":[{"href":"http:\/\/quergesang.de\/wordpress\/wp-json\/wp\/v2\/pages\/260","targetHints":{"allow":["GET"]}}],"collection":[{"href":"http:\/\/quergesang.de\/wordpress\/wp-json\/wp\/v2\/pages"}],"about":[{"href":"http:\/\/quergesang.de\/wordpress\/wp-json\/wp\/v2\/types\/page"}],"author":[{"embeddable":true,"href":"http:\/\/quergesang.de\/wordpress\/wp-json\/wp\/v2\/users\/2"}],"replies":[{"embeddable":true,"href":"http:\/\/quergesang.de\/wordpress\/wp-json\/wp\/v2\/comments?post=260"}],"version-history":[{"count":15,"href":"http:\/\/quergesang.de\/wordpress\/wp-json\/wp\/v2\/pages\/260\/revisions"}],"predecessor-version":[{"id":271,"href":"http:\/\/quergesang.de\/wordpress\/wp-json\/wp\/v2\/pages\/260\/revisions\/271"}],"up":[{"embeddable":true,"href":"http:\/\/quergesang.de\/wordpress\/wp-json\/wp\/v2\/pages\/292"}],"wp:attachment":[{"href":"http:\/\/quergesang.de\/wordpress\/wp-json\/wp\/v2\/media?parent=260"}],"curies":[{"name":"wp","href":"https:\/\/api.w.org\/{rel}","templated":true}]}}