{"id":481,"date":"2023-09-14T08:53:24","date_gmt":"2023-09-14T06:53:24","guid":{"rendered":"http:\/\/quergesang.de\/wordpress\/?page_id=481"},"modified":"2023-09-14T08:53:24","modified_gmt":"2023-09-14T06:53:24","slug":"attac-quergesang-zwei-politische-choere-ein-konzert-doppelt-gesungen-haelt-besser","status":"publish","type":"page","link":"http:\/\/quergesang.de\/wordpress\/attac-quergesang-zwei-politische-choere-ein-konzert-doppelt-gesungen-haelt-besser\/","title":{"rendered":"Attac &amp; QUERGESANG: zwei politische Ch\u00f6re \u2013 ein Konzert Doppelt gesungen h\u00e4lt besser\u2026"},"content":{"rendered":"\n<p>Die beiden Ch\u00f6re pr\u00e4sentieren gesellschaftskritische Lieder und Texte zum Thema Klimawandel, Kapitalismuskritik, Menschenrechte, Krieg und Frieden. Sie stellen musikalisch viele Fragen, auf die es keine einfachen Antworten gibt. Seien Sie neugierig auf Songs und Texte von Bertolt Brecht, Hanns Eisler, Kurt Tucholsky, Georges Moustaki, Georg Kreisler, Konstantin Wecker u.v.m.<\/p>\n\n\n\n<p><br>Beide Ch\u00f6re haben viel gemeinsam: ihre Lieder sind gepr\u00e4gt von politischem Engagement, sie singen mehrstimmig gemischt und proben einmal w\u00f6chentlich im EineWeltHaus M\u00fcnchen (QUERGESANG montags ab 19 h \/ Attac Chor mittwochs ab 19.30 h). Ihre Musikprogramme richten sich gegen soziale Ungerechtigkeit, Krieg und Ausbeutung von Mensch und Natur, gegen Unterdr\u00fcckung und Rassismus, gegen jede ideologische Beschr\u00e4nktheit und dogmatischen Hass. W\u00e4hrend der Attac Chor schwerpunktm\u00e4\u00dfig globalisierungskritisch unterwegs ist und daf\u00fcr nicht selten bekannte Lieder aus der Popwelt umdichtet, setzt der QUERGESANG eher auf ein klassisch-zeitloses Repertoire von Brecht \/ Weill \/ Eisler bzw. (internationale) Lieder f\u00fcr Frieden und gegen Faschismus. Einig sind sich alle Mitwirkenden darin, da\u00df das politische Feld nicht denjenigen \u00fcberlassen werden darf, f\u00fcr die Begriffe wie Demokratie, Solidarit\u00e4t, Lebensfreude, offene Gesellschaft und Gemeinwohl Fremdworte sind.<\/p>\n","protected":false},"excerpt":{"rendered":"<p>Die beiden Ch\u00f6re pr\u00e4sentieren gesellschaftskritische Lieder und Texte zum Thema Klimawandel, Kapitalismuskritik, Menschenrechte, Krieg und Frieden. Sie stellen musikalisch viele Fragen, auf die es keine einfachen Antworten gibt. Seien Sie neugierig auf Songs und Texte von Bertolt Brecht, Hanns Eisler, Kurt Tucholsky, Georges Moustaki, Georg Kreisler, Konstantin Wecker u.v.m. Beide Ch\u00f6re haben viel gemeinsam: ihre &hellip; <a href=\"http:\/\/quergesang.de\/wordpress\/attac-quergesang-zwei-politische-choere-ein-konzert-doppelt-gesungen-haelt-besser\/\" class=\"more-link\"><span class=\"screen-reader-text\">\u201eAttac &amp; QUERGESANG: zwei politische Ch\u00f6re \u2013 ein Konzert Doppelt gesungen h\u00e4lt besser\u2026\u201c <\/span>weiterlesen<\/a><\/p>\n","protected":false},"author":1,"featured_media":0,"parent":0,"menu_order":0,"comment_status":"closed","ping_status":"closed","template":"","meta":{"footnotes":""},"class_list":["post-481","page","type-page","status-publish","hentry"],"_links":{"self":[{"href":"http:\/\/quergesang.de\/wordpress\/wp-json\/wp\/v2\/pages\/481","targetHints":{"allow":["GET"]}}],"collection":[{"href":"http:\/\/quergesang.de\/wordpress\/wp-json\/wp\/v2\/pages"}],"about":[{"href":"http:\/\/quergesang.de\/wordpress\/wp-json\/wp\/v2\/types\/page"}],"author":[{"embeddable":true,"href":"http:\/\/quergesang.de\/wordpress\/wp-json\/wp\/v2\/users\/1"}],"replies":[{"embeddable":true,"href":"http:\/\/quergesang.de\/wordpress\/wp-json\/wp\/v2\/comments?post=481"}],"version-history":[{"count":2,"href":"http:\/\/quergesang.de\/wordpress\/wp-json\/wp\/v2\/pages\/481\/revisions"}],"predecessor-version":[{"id":485,"href":"http:\/\/quergesang.de\/wordpress\/wp-json\/wp\/v2\/pages\/481\/revisions\/485"}],"wp:attachment":[{"href":"http:\/\/quergesang.de\/wordpress\/wp-json\/wp\/v2\/media?parent=481"}],"curies":[{"name":"wp","href":"https:\/\/api.w.org\/{rel}","templated":true}]}}